f = -f + h. Is f composite?
False
Let i = -726 + 1445. Is i composite?
False
Let r = 18235 - 6654. Is r a prime number?
False
Let f(j) = 12*j**3 - 3*j**2 + 11*j - 20. Let t be f(7). Let v = t - 2185. Is v a prime number?
False
Suppose -327*n + 16452 = -331*n. Let l = -2380 - n. Is l prime?
True
Let v(j) be the second derivative of -1/12*j**4 + 1/2*j**2 + 0 + 67/10*j**5 - 7*j - 1/6*j**3. Is v(1) composite?
True
Let r be 0 + (-336 - 4) + -1. Let a = 564 + r. Is a a composite number?
False
Let u be (-1)/(((-28)/(-12))/7). Let j = u + 8. Suppose j*d - 1474 = -2*p, -2*p - d - 2*d = -1474. Is p prime?
False
Let t(f) = f**3 - 10*f**2 + 3*f - 15. Let k = 58 - 48. Is t(k) a prime number?
False
Let j = -14455 + 31070. Is j prime?
False
Let d = -11601 + 23260. Is d composite?
True
Let i = 44478 - 17881. Is i a composite number?
False
Suppose 3*t + 120 = -t. Let d be (-5)/(4 + (-3 - 2)). Is (-582)/t + (-2)/d a composite number?
False
Let w(r) = 7*r**2 + 3*r - 7. Let h(z) = -6*z**2 - 4*z + 7. Let l(u) = 5*h(u) + 4*w(u). Let m be l(5). Let q = 160 + m. Is q composite?
True
Let d be -2 - 4*1275/(-10). Is (d/6)/(16/24) a composite number?
False
Let t = 76 + -68. Let v(d) = -5*d**2 - 12*d + 9. Let k(o) = -4*o**2 - 12*o + 9. Let s(i) = -6*k(i) + 5*v(i). Is s(t) composite?
False
Let t(s) = -4*s**3 + 3*s**2 + 4*s - 3. Let u be t(-5). Suppose -4*l - 3*j = -u, j + 162 = 5*l - 547. Suppose 3*a - 240 = l. Is a composite?
False
Let n(y) = -6*y**3 + 3*y**2 - 55. Is n(-8) composite?
False
Suppose 5*i - 3 - 2 = 0. Let j(u) = u - 9. Let s(r) = r + 1. Let q(g) = i*j(g) - 2*s(g). Is q(-15) prime?
False
Let g be 51/6*(-10 + 2). Let y = 43 - g. Is y a composite number?
True
Suppose -106897 - 105525 = -14*y. Is y a composite number?
False
Let k be 3/(-4) - 253/(-44). Suppose 0*b + k*b - 5495 = 0. Is b prime?
False
Suppose g = 4*z + 14505, -2*g + 0*z = -5*z - 28995. Is g composite?
True
Let t = -14 + 17. Suppose 0 = -4*u - 4, -u + 106 = 2*x - t*u. Let b = 465 - x. Is b prime?
False
Let x = -2737 + 4663. Let d = x - 1339. Is d a composite number?
False
Let c(r) = r**2 + 7*r + 6. Let w be (-18)/(-2)*-1 + 2. Let q be c(w). Suppose -q*d + 185 = -d. Is d a composite number?
False
Let u(x) = 1971*x**2 - x - 1. Is u(1) prime?
False
Suppose 0 = h - 5*h + 2104. Suppose -4*v - h = 5*a - 1601, 1035 = 5*a - 4*v. Is a a composite number?
False
Suppose -5*b + 1555 = -2*f, 5*b + 4*f - 3*f - 1570 = 0. Let q = b - -364. Is q prime?
True
Suppose 758*b = 746*b + 90732. Is b prime?
True
Let l(u) = -u**2 + 5*u + 5. Let w be l(5). Let i = 49 - -374. Suppose 0 = -w*g - i + 2918. Is g a composite number?
False
Let z(f) = -f**2 + f + 2. Let r be z(0). Suppose 0 = -r*p + 397 + 63. Let x = p + 5. Is x composite?
True
Suppose -8*g - 3 = -27. Suppose 0 = -d - b + 3910, d - g*b = -4*d + 19526. Is d a composite number?
False
Suppose -21*s + 19*s = 1216. Is 3 + 9/((-36)/s) prime?
False
Suppose -3*b + 10 = 2*b. Let i(h) = 5*h**3 + 33*h**2 - 33*h**2 - 1 + 72*h - 73*h. Is i(b) prime?
True
Let f(j) = -2*j + 0*j - 3 - 1. Let i be f(-3). Suppose -4*p - 4*b + 88 + 532 = 0, -2*b = -i*p + 318. Is p prime?
True
Let t = -53983 - -103334. Is t composite?
True
Is 2/4*-1*(-5127 - -1) a composite number?
True
Let k = -112 + 169. Suppose -3*d - 10 = -550. Suppose 3*u - d = k. Is u a prime number?
True
Is (40/(-12) + 3)/((-2)/44862) a composite number?
False
Let k be (0 + -29)*1/1. Let y be 7 - 6 - (0 - -59)*-1. Let j = y + k. Is j a composite number?
False
Let h = -23 - -17. Is 2751/9 + (-8)/h a composite number?
False
Let y = 25059 + -14926. Is y composite?
False
Let a(f) be the third derivative of f**6/120 - f**5/10 - 5*f**4/12 + f**3 - 12*f**2. Suppose -3 + 12 = w. Is a(w) prime?
False
Let q(v) = 35*v**2 - 5*v - 8. Let c be q(-6). Suppose p - c = -p. Is p a composite number?
False
Suppose 3*g - 3*o - 1 = -4, 3*g - 2 = 2*o. Suppose -g*h = -2*l + 207 + 191, 4*l = -3*h + 829. Is l a prime number?
False
Let f be 56/12 + 4/12. Suppose 4*g = -5*t + 789, -f*g + 0*g = -3*t - 940. Is g prime?
True
Let j(r) = r**2 - 5*r - 4. Let p be j(6). Suppose 0 = l - 2*a + 5, p*a - 4 = -3*l + 5*l. Is l - (-3 + -118 + 3) composite?
True
Let m(l) = -5*l**3 + 2*l**2 + 3*l + 2. Let y be m(-1). Let t = y - 6. Suppose t = 3*b + 2*b - 15. Is b a prime number?
True
Let s = 24 + -24. Suppose s = -4*c - 5*d + 12, -3*c + d = -2*d - 9. Is 42/2*101/c prime?
False
Let h(u) be the second derivative of 45*u**3 + u**2/2 + 2*u. Is h(2) a prime number?
True
Suppose -3*w + 8*r + 13659 = 5*r, r = -w + 4553. Is w composite?
True
Let q(p) = 301*p - 2. Let m be q(2). Let n = -149 + m. Is n composite?
True
Is 1/(-2) - (6 - (-799623)/(-18)) a prime number?
True
Is (-6)/15 + (-24608)/(-20) + 1 prime?
True
Let a(j) = -1900*j + 569. Is a(-6) a composite number?
False
Suppose 2*l - 16 = 26. Suppose 3*p = -2*p + 70. Is (13 + 1)*l/p a composite number?
True
Let l = -17855 + 62338. Is l a prime number?
True
Suppose 8*v - 25 + 1 = 0. Is (-57)/(-36)*v*(-104)/(-2) composite?
True
Let o = 1772 - 828. Let f = 1395 - o. Is f prime?
False
Let w(m) = m + 11. Let j(t) = t**3 + 8*t**2 + 2*t + 5. Let c be j(-8). Let x be w(c). Suppose -2*a + 621 + 53 = x. Is a a prime number?
True
Let g(h) = h - 1. Let n(y) = 17*y**2 - 3*y + 8. Let u(s) = 5*g(s) + n(s). Let p be u(-3). Is p - -1 - (-6)/(-3) composite?
False
Suppose 2*k = 4*c + 190, -3*k - k + 390 = 2*c. Is k prime?
True
Let j(n) be the second derivative of n**4/6 + 2*n**3/3 - 29*n**2/2 - n. Is j(-6) a composite number?
False
Let z be (7/(21/4))/(6/9). Suppose m + 10 = 3*m, 0 = -z*i + 4*m + 10326. Is i prime?
False
Let d(g) = 168*g**3 - g**2 + 7*g - 1. Is d(3) prime?
True
Let o = -14953 + 26494. Is o a prime number?
False
Let y = 27 + -22. Suppose y*f + 4*f = 1179. Is f prime?
True
Let h = 14 - 1. Suppose -3*l - h = -4. Is 573/6 - l/2 prime?
True
Let x be (-8)/20 + 4*719/(-10). Let m = 559 + x. Is m prime?
True
Let q = 620 - -1. Let d = 1676 - q. Is d a prime number?
False
Suppose 4*q = q + 255. Let j = 11 + q. Let f = 95 + j. Is f prime?
True
Let o(t) = 3*t**2 + 11*t + 6. Suppose s - 2*v + 52 = -3*s, 5*s + 65 = 5*v. Let q be o(s). Suppose 7*y = 9*y - q. Is y a composite number?
True
Is (-2 - 1)*(-56)/(-168) - -18398 a composite number?
False
Let a(i) = 178*i**3 - 13*i**2 + 13*i - 195. Is a(10) prime?
False
Let m(o) = -o**2 - 18*o - 16. Let w be m(-17). Let r be 357 - (-2 + 0 + w). Let t = r + -23. Is t composite?
True
Let q(d) = 52*d + 7. Let v(i) = i**2 + i - 1. Let f be v(2). Let t be q(f). Suppose 4*y - 5*y + t = 0. Is y a composite number?
True
Suppose -33999 = -13*x + 19015. Is x a prime number?
False
Is (6/(-16) + 4243120/128)/1 a composite number?
False
Let u(x) = 69*x**2 - 13*x + 67. Is u(8) a composite number?
True
Let v = 11478 + -6991. Is v a prime number?
False
Suppose -b - 4*b + 10 = 0. Let g(x) = 2946*x + 11. Is g(b) composite?
False
Is 4116 + 42/(-7) - (2 + -3) prime?
True
Suppose 3*d + 2*d - 40 = 0. Let b be 4/(d/422) + 0. Suppose -3*a + b + 2774 = 0. Is a prime?
False
Let w = -64 + 66. Suppose w*n - 1071 = 5147. Is n a prime number?
True
Suppose f = -2*o + o + 208, 4*f + 233 = o. Is o prime?
False
Suppose 4*d = 8031 - 2659. Suppose d = 2*q + 81. Is q prime?
True
Let a(d) = -d**3 - d**2 + 41*d + 13. Is a(-14) composite?
False
Suppose 28*r - 6549 - 1655 = 0. Is r a prime number?
True
Suppose 24*f = 11178 + 510. Is f a composite number?
False
Let d(f) = f**3 + 6*f**2 - 8*f + 68. Let w be d(-8). Suppose 2*s - 4 = -0. Suppose -3*g - 1193 = -w*a, 0*g = s*a - 2*g - 596. Is a prime?
False
Is (-9942)/(-12)*(-6)/(-3) composite?
False
Let o(g) = -24*g. Let m be o(-5). Suppose 0 = -2*f - 278 + 1752. Suppose -4*c = 4*n - 848, 0 = -4*n + 5*c + m + f. Is n a prime number?
False
Let n(a) = -203*a. Let y be n(-1). Let v = 561 - y. Is v a prime number?
False
Let w = 1094 + -2776. Let x = -740 - w. Suppose 2*q - o - 12 = x, -q + 475 = -o. Is q a prime number?
True
Let b = 36058 - -17029. Is b a prime number?
True
Let q(f) = -f**2 + 4*f + 5. Let d be q(5). Suppose d = u - 3*u - 6. Let n(h) = 19*h**2 - 3*h + 1. Is n(u) composite?
False
Let t(b) = -b**3 + 13*b**2 + 12*b - 3. Let u be t(12). Let g = u - 74. Is g a prime number?
True
Let l(x) be the first derivative of 32*x**2 - 46*x**2 - 5 + 10 - 39*x**2 - x. Is l(-2) prime?
True
Let b(o